se -32 = -l*m + 45. Let s(j) = j**3 - 10*j**2 - 11*j - 6. Calculate s(m).
-6
Let p(n) = 2*n**2 - 6*n - 4. Let s(y) = y**2 - 16*y - 5. Let k(c) = -2*p(c) + s(c). What is k(2)?
-17
Let v(z) be the third derivative of -z**6/120 + z**5/15 - z**4/24 + 10*z**3/3 + 5*z**2 + 8*z. Let l be v(5). Let s(f) = -f**2 - 8*f + 10. Give s(l).
-10
Let u be ((-36)/16)/(27/(-72)). Let x(y) = 0*y**2 - u*y + 2 + 4*y - 2*y**2 - 3*y**2 - 3*y**2. Calculate x(1).
-8
Suppose 4*d + 2*s - 40 + 66 = 0, -3*s - 32 = 5*d. Let f(p) = 2*p**2 + 17*p + 28. Determine f(d).
7
Let b(d) = 5*d**2 - 99*d - 29. Let u be b(23). Let t = -343 + u. Let k(s) = -s**3 - 2*s**2 + 5*s + 6. What is k(t)?
18
Let g(d) = 403*d**2 + 14*d - 405*d**2 + 15 + 9 - d**3. What is g(-4)?
0
Suppose 2*d - 3*u = 4*d + 74, 4*u + 140 = -4*d. Let o = -22 - d. Let m(w) = 12*w - 2 + o*w - 20*w. Determine m(8).
6
Let j(n) = n**3 + 6*n**2 + 7*n - 10. Let c(w) = w**3 + 5*w**2 + 6*w - 8. Suppose 0 = -42*a + 39*a - 12. Let m(d) = a*c(d) + 3*j(d). Calculate m(-3).
20
Let s(t) = -t**2 - 19*t - 12. Let u(i) = -6*i**3 + 6*i**2 - 2*i - 3. Let v be u(1). Calculate s(v).
58
Let a(g) = 32*g + 119. Let p be a(-4). Let f(z) = 5*z**3 - 20*z**2 + 33*z - 24. Let b(m) = m**3 - 5*m**2 + 8*m - 6. Let s(j) = p*b(j) + 2*f(j). What is s(-6)?
6
Let k(z) be the third derivative of -z**5/30 + 7*z**4/12 + 25*z**3/6 - 3*z**2 + 701*z. Determine k(9).
-11
Let a(j) = 24*j + 67. Suppose -9*q = -w - 13*q + 9, -3 = -3*w - 4*q. What is a(w)?
-5
Let t(c) = 0 + 8 - c - 6 - 3. Let s(r) = r**2 - 8*r - 10. Let n(h) = -s(h) + 5*t(h). Determine n(5).
-5
Suppose 1255 - 34 = 3*c + 3*a, -411 = -c - 2*a. Let h(j) = 402*j - 3 + 2 - c*j. Let n(l) = 2*l - 10. Let z be n(7). Calculate h(z).
-5
Let v(t) = 9*t - 8. Suppose -106*g = 31*g + 53 - 464. Give v(g).
19
Let c(b) be the first derivative of b**4/4 + 10*b**3/3 - 4*b**2 + 23*b + 132. Determine c(-11).
-10
Let k be -6*(-2 - 12/(-9)). Let f(u) be the third derivative of 0*u + 0 - 1/6*u**3 + 1/24*u**4 + 241*u**2. What is f(k)?
3
Let w = 50 + -42. Let x(s) be the first derivative of -s**6/360 + 3*s**5/40 - s**4/2 - 4*s**3 + 3. Let y(d) be the third derivative of x(d). Determine y(w).
-4
Let b(u) = 5*u**2 + u + 1. Let v(g) = -g**3 - 6*g**2 - 4*g + 14. Let p be v(-3). What is b(p)?
5
Let l be (-255)/10*(-4)/6. Suppose l*w = 15*w + 4. Let v(r) = 1 + r + 8*r**3 - 9*r**3 + 1 - 7*r**w + 3. Give v(-7).
-2
Let x(h) = 54 - h**2 + h + 46 + 24 - h**3 - 123. Let a(p) = -p + 4. Let k be a(2). Give x(k).
-9
Let r(y) = -y + 4. Let j be r(-9). Let k = j + -9. Let i(m) = 0*m**2 + 3 + 4*m**2 + k*m**2 + m**3 - m - 11*m**2. Determine i(3).
0
Suppose -18*v - 6 = -19*v - 5*a, v = -4*a + 3. Let h(d) = -d**2 - 3*d + 48. Calculate h(v).
-6
Let k(i) = -i**3 - i**2 + 2*i - 2. Let w(m) = -m - 8. Let s(x) = 2*x + 17. Let d(p) = 6*s(p) + 11*w(p). Suppose 84 + 24 = -9*f. Let q be d(f). Determine k(q).
-10
Let z be (7/1)/((1 + 1)/2). Let x(d) = z*d - 2*d**2 + 9*d - 7*d - 9*d - 4 - 5*d. Suppose 2*u - 4*m = -1 - 1, -5*u - 2*m = 17. What is x(u)?
-7
Let w(q) = 8*q**2 + 9*q + 0*q**3 - 24*q**3 + 6*q**3 + 16*q**3 - 1 + 3*q**3. Give w(-6).
17
Let c be 25*((-35)/(-5) + -3). Let o be 1/(5/c*4). Suppose 0 = -l + 3*b + 11, -4*l = -8*l - o*b - 7. Let m(q) = -q - 2. What is m(l)?
-4
Let h = 5 - 1. Let f(g) be the first derivative of g**5/60 - 5*g**4/24 - g**3/2 + 9*g**2/2 - 2*g + 157. Let d(l) be the second derivative of f(l). Give d(h).
-7
Let i(j) = j**3 + 5*j**2 - 7*j - 3. Suppose 3*r + 483 = 3*t, 3*t = -4*r - 787 + 129. Let q = 157 + r. Calculate i(q).
3
Let n(o) = 8*o. Suppose -3*m = -3*a - 2*a - 589, -4*a + 4*m = 476. Let r = -117 - a. Calculate n(r).
-8
Let t(q) = 11*q + 1. Let u(k) = 44*k + 78. Let b(w) = 5*t(w) - u(w). Calculate b(7).
4
Let w(k) = k**2 + 18*k + 43. Suppose 126*x - 479 + 2176 + 445 = 0. Calculate w(x).
26
Let f(p) = -68*p + 3. Let n(b) = -4*b + 1. Let s(w) = -f(w) + 4*n(w). Determine s(-1).
-51
Let p = 37 - 20. Let i(j) = -62*j**2 - 75*j - 21. Let c(w) = 45*w**2 + 56*w + 16. Let y(x) = -11*c(x) - 8*i(x). Determine y(p).
9
Let m(z) = z**2 - z - z**2 + 3*z**2. Suppose 5*c - 20 = -k + 134, 0 = 4*c - 4*k - 128. Suppose 8*g - c = -23*g. What is m(g)?
2
Suppose -15*t + 952 = -49*t. Let h(v) = 5*v + 159. Give h(t).
19
Suppose 2*o = -o + 6. Let a(x) = x**2 + 4. Let z be a(o). Let y(c) = -3*c - 8*c**2 - c**3 + 3 + 16*c**2 + 4. Determine y(z).
-17
Let i = -138 - -142. Suppose 3*b - i*a = 15, -3*b + 0*a - 2*a - 3 = 0. Let p(k) = k - 1. Give p(b).
0
Let p = -79 - -84. Suppose 4*m + 63 = -d, -m - 6 - 5 = p*d. Let k be (m - -11)*(-4 + 2)/(-2). Let n(t) = t**2 + 6*t + 2. Calculate n(k).
-3
Let t = 391 + -392. Let c(a) = -a. Let f(b) = -b - 7. Let p(z) = t*f(z) + 4*c(z). Give p(6).
-11
Let m(h) = -5*h**2 + h + 2. Let p be (-2364)/36 + (-5)/(-3) + -1. Let s be p/75*-3 + (-6)/10. What is m(s)?
-16
Let o(k) = -7*k - 1. Suppose 5*a = -0*a + g + 4397, -g = -4*a + 3517. Let f = a + -881. What is o(f)?
6
Let t(p) = p**3 + 4*p**2 - 2*p - 3. Suppose 2*i = -5*w + 22, i - 6*i + 13 = 2*w. Let m be 4 - 14/(w/2). Let g be ((-6)/m)/(1/(-2)). Give t(g).
5
Let b be 30*((-136)/(-20) + -7). Let q(z) = z**2 + 5*z - 3. What is q(b)?
3
Suppose 0*z - 240 = -15*z. Let l(t) be the first derivative of -t**3/3 + 9*t**2 - 29*t + 263. Determine l(z).
3
Let f = -466 - -662. Let v(t) = -384*t + 189*t - 11 + f*t. What is v(0)?
-11
Let l(h) be the first derivative of h**3/3 + 25*h**2/2 + 30*h + 5647. Give l(-25).
30
Let f(q) = 21*q + 4. Suppose 4*l - 158 = -174. Let b(j) = 17*j + 4. Let r(i) = l*f(i) + 5*b(i). Let z be -1 + (-1*1)/(-1). What is r(z)?
4
Let n(u) be the third derivative of 11*u**4/12 - 17*u**3/2 + 3*u**2 - u - 426. Determine n(3).
15
Let i be ((-1)/(-2))/(1/234*3). Suppose -5 = i*f - 44*f. Let q(m) = m**2 - 2. Calculate q(f).
-1
Let p(j) = 3*j + 2. Let t be -17 + 23 - (-2 - (-3 + 3)). Suppose 4*u + 5*d = 17, 6*u + 1 = t*u - 5*d. Give p(u).
11
Let t(d) = -d - 80*d**2 + 2334 + 81*d**2 - 2347. Let n(j) = 2*j**2 + 2*j. Let l be n(-2). Suppose 8 = -s + 4*b, -l*b + 2 = -5*s - 3*b. Calculate t(s).
-13
Let z(a) be the third derivative of -a**5/60 + a**4/6 - a**3/6 - a**2 + 4*a - 1018. Let s = 12 - 8. Calculate z(s).
-1
Let b(f) = -f - 18. Let v be b(-11). Let q(t) be the first derivative of -t**3/3 - 5*t**2 - 9*t + 45. Calculate q(v).
12
Let c = -8 + 12. Let x(b) = -172 - 2*b - 4*b + b + 0*b + 164. Let q(j) = 14*j + 24. Let o(z) = c*q(z) + 11*x(z). Give o(-9).
-1
Let a = 2 - -4. Let h(w) = w + 3 + a + 1 + 0. Let q = 15 - 15. Give h(q).
10
Let j(v) = -15*v**2 - 12*v - 7. Let a(z) = 19*z**2 + 16*z + 8. Let l(b) = -4*a(b) - 5*j(b). Give l(2).
-9
Suppose c - 8 = -i, -3*i = 4*c - 19 - 6. Let y(q) = -q - 11 + q**2 - 2*q**2 + i. Calculate y(0).
-4
Let o(p) be the third derivative of -7*p**4/24 + 25*p**3/6 - 2*p**2 + 25*p + 5. Give o(4).
-3
Let a(y) be the third derivative of -y**6/40 - y**5/60 - y**4/6 - y**3/2 + 2*y**2 - 570. Suppose 5*b = 3 - 13. What is a(b)?
25
Let d = -47 - -50. Let n be (-1)/3*d - -3. Let c(s) = -3*s + s**n + 0*s**2 + 35 - 40. Calculate c(5).
5
Suppose 0 = 558*x + 1179 - 3411. Let s(v) = 0*v**3 - 2 - v**3 + 6*v**2 - 3 - 4*v. Calculate s(x).
11
Let l(g) = -4*g - 2808 - 19*g**2 + 6*g**2 - 24*g - 28*g + 2786. Determine l(-4).
-6
Let h(n) = n**2 - 8*n + 5. Let l(i) = -3*i**2 + 13*i + 6. Let k be l(6). Let f = -16 - k. What is h(f)?
5
Let g(w) = 8*w**2 + 18*w + 4. Let a(o) = 3*o**2 + 5*o. Let h(f) = 3*a(f) - g(f). Let j(q) = q + 3. Let x be j(0). What is h(x)?
-4
Let m(c) be the second derivative of c - 1/2*c**3 - 74 + 1/12*c**4 - c**2. Give m(4).
2
Suppose 0 = 17*c - 42*c - 53 + 203. Let a(i) = -i**2 + 7*i. Give a(c).
6
Let p(d) = 3*d**3 - d**2 + 35*d. Let c(i) = i**3 + 12*i. Let n(l) = -17*c(l) + 6*p(l). Suppose 5 + 7 = 4*m. Let o be 4 + -2 + m + -1. Calculate n(o).
-8
Let u = -396 - -398. Let m(x) = 8 - x**u + 3*x - 4*x + 8*x - 6. Give m(7).
2
Let a(h) = -80 + 5*h - 7*h + 72. Let l = -21 - -13. Give a(l).
8
Let x(j) be the second derivative of -3*j**4/4 - 39*j**3/2 + 7*j**2/2 + 1287*j. Calculate x(-13).
7
Let u(a) = -559 - 10*a + 1187 - 509. Let l be u(14). Let b(q) = -q**2 - 20*q + 18. Calculate b(l).
-3
Let p(t) be the first derivative of t**4/4 + 5*t**3/3 - t**2/2 - 6*t + 22029. Let f = -12 + 7. Give p(f).
-1
Let m(v) be the third derivative of -v**4/6 - v